eatest common factor of 558 and j?
62
Let y be -5 + 2 - 583*1. Let v be (-14)/(-42) + y/(-6). Calculate the greatest common divisor of 14 and v.
14
Let d be (9/(-3))/(1 + -2). Let l be d*(4/3 + 1). Calculate the highest common divisor of 63 and l.
7
Suppose -3 = -5*s - 28, 5 = -2*v - 3*s. Suppose v*q - q = -5*f + 29, 2*q - 34 = 4*f. Let g = 72 + -17. Calculate the highest common factor of q and g.
11
Let o = -13 + 17. Suppose 5*u = 2*y + 45, -y + 25 = o*y. Calculate the highest common factor of 11 and u.
11
Suppose 0 = -21*t + 9*t + 288. Calculate the highest common factor of t and 6.
6
Let r = 27 - 21. Let p be (-9)/6 - r/(-4). Suppose p = -w + 2 - 1. Calculate the greatest common divisor of w and 11.
1
Suppose 120 = 442*u - 437*u. What is the highest common factor of u and 228?
12
Let l = 6 + -3. Let i be (1 - 0)*l + 2. Let h(m) = 7*m - 4. Let d be h(2). What is the greatest common factor of d and i?
5
Let l(z) = z - 9. Let d be l(-4). Let p = d + 16. Let o = p - -19. What is the greatest common factor of 242 and o?
22
Suppose -640 = -4*o + 2*q + 430, o = 3*q + 255. What is the greatest common divisor of 10 and o?
10
Suppose -22*t + 6623 = -967. What is the greatest common divisor of t and 207?
69
Let i(a) = -a**3 + 5*a**2 + 7. Let d be i(5). Suppose 0 = 3*t + 2*b - 20, -4*b = -t + 23 - d. Calculate the highest common factor of t and 16.
8
Let y = 14 + -11. Suppose 0 = r - 2*r + y. Let d be (1/r)/(2/78). Calculate the highest common factor of 104 and d.
13
Let c = 24 + -1. Suppose -10*y = -7 - c. Calculate the greatest common divisor of 3 and y.
3
Let o be (-20)/25 + 282/15. Suppose -5*r = -2*r + 24. Let n be -1 - 4/r*254. Calculate the highest common factor of o and n.
18
Let y(p) = 4*p**3 - 52*p**2 + 3*p + 23. Let r be y(13). Calculate the greatest common divisor of 124 and r.
62
Suppose -5*g - 11 = -21, -2*v = -4*g - 286. What is the highest common factor of v and 63?
21
Let o = -204 - -685. What is the highest common divisor of o and 26?
13
Let p be (-518)/(-18) + (-6)/(-27). Suppose p = -3*a - 5*b + 496, 766 = 5*a - 4*b. What is the highest common factor of a and 14?
14
Let c(n) = n**2 + 11*n + 46. Let z be c(-8). What is the highest common factor of 22 and z?
22
Let c be (8 + -6)/((-4)/(-6)). Suppose -w + c = -21. Calculate the greatest common factor of 8 and w.
8
Suppose -33*t - 10 + 1330 = 0. What is the highest common divisor of t and 55?
5
Suppose 5*i = -u + 95, 3*u - 4*u = 4*i - 90. Calculate the greatest common factor of u and 1330.
70
Suppose -q + 15 = -4*p - 38, -2*p - 5*q - 21 = 0. Let b = p + 15. Suppose b*y - j = 0, 0 = -y - y - 5*j + 24. What is the highest common divisor of y and 8?
2
Suppose 0*f + 3*f = 9. Suppose 3 = f*a - 2*a. Suppose 384 = -r + a*r. Calculate the greatest common factor of 24 and r.
24
Let o be (2/5)/((-2)/(-280)). Calculate the highest common factor of o and 434.
14
Let w(u) = 11*u + 23. Let t be w(10). Suppose -3*a = -t - 29. What is the highest common factor of a and 27?
27
Suppose -12 = -z + 78. Suppose 60 - 600 = -9*y. Calculate the greatest common factor of y and z.
30
Suppose 4 = 4*m, -5*m + 3 = -v - 1. Suppose -13 + v = -4*s. What is the greatest common divisor of s and 69?
3
Let g be 14*(-3 - 165/(-35)). Let f be 18782/14 + g/(-42). Let h be f/24 - 2/(-16). What is the highest common divisor of h and 7?
7
Let p = 362 - 284. Calculate the highest common factor of p and 130.
26
Let m be 24/(-14)*42/(-12). Let s(x) = 5 + 17 - m*x + 11 - 9. Let l be s(-11). Calculate the greatest common factor of l and 18.
18
Suppose -2 = -4*t + 10. Suppose -32 = -m - t*m. Let n(z) = -z**2 + 4*z + 21. Let g be n(5). What is the highest common factor of m and g?
8
Let g = -117 + 492. What is the highest common factor of g and 30?
15
Suppose -16*a + 18*a = 8. Suppose 3*k = a*i - 3 + 31, 5*i = 25. Calculate the highest common divisor of 144 and k.
16
Let k be (8/12)/1 - (-248)/6. Calculate the greatest common divisor of k and 294.
42
Let t = 5 + -11. Let p be t/(-9)*30/4. Let j be (1/1)/(-18 + (-407)/(-22)). Calculate the greatest common divisor of p and j.
1
Suppose 3*q - 1150 + 130 = 0. What is the greatest common divisor of q and 476?
68
Suppose 0 = -5*m + 1 + 59. Suppose m = 13*u - 11*u. Let z = -3 + u. What is the greatest common divisor of 24 and z?
3
Let j(k) be the third derivative of -5/6*k**3 + 1/30*k**5 + 0*k - 13*k**2 - 1/12*k**4 + 0. Let n be j(5). What is the highest common divisor of 14 and n?
7
Let z be -4 - 7*42/(-49). What is the greatest common factor of 578 and z?
2
Let n(t) = -9*t**2 + t**3 + 2*t - 8 + 6*t + 8*t. Suppose 4*c = 32 - 4. Let a be n(c). What is the greatest common divisor of 48 and a?
6
Suppose 26*t - y = 27*t - 41, -4*y + 47 = t. Suppose 4*d = d - 4*h + 1, -5*d = h - 13. Suppose t = d*w + 3. What is the greatest common factor of 132 and w?
12
Let n = 1357 + -24. Calculate the highest common divisor of 86 and n.
43
Suppose d = -2*d + 33. Calculate the greatest common divisor of d and 352.
11
Let u = 202 + -164. What is the greatest common factor of 1007 and u?
19
Let s = -416 - -528. Calculate the greatest common divisor of 14 and s.
14
Let b = 29 + -9. Let f be ((-18)/15 - -2)*75/30. Let z be f/(-5) + (-242)/(-55). Calculate the greatest common factor of z and b.
4
Let b be (1 - 0 - 1) + 1*4. Suppose 5*k - 95 = -b*d, -d + 20 = -k + 2*k. Suppose 161 = q + 41. What is the greatest common factor of k and q?
15
Let p = 988 - 655. What is the highest common factor of 9 and p?
9
Let c be (-15)/(-120) + (-41)/8. Let h be (c/(-1) - 4)*0. Let q(g) = g + 152. Let v be q(h). Calculate the highest common factor of 38 and v.
38
Suppose -f - 4 + 3 = 0. Let q be 0 + (-3)/3*f. Suppose -8 + 4 = -4*h. What is the greatest common factor of h and q?
1
Let a(p) = -2*p**3 - 2*p**2 + 5*p + 6. Let w be ((-9)/(-3) + -9)*3/6. Let b be a(w). What is the greatest common factor of 18 and b?
9
Let c be (-1)/(3*1/(-126)). Suppose a - 739 = -4*a + 2*j, a - 149 = j. Calculate the highest common factor of c and a.
21
Let y be -2 + -1 + (16 - (9 + -4)). What is the highest common factor of y and 204?
4
Suppose 5*z = -v, -3*z - 2*z = 3*v. Let i be (1 + -20)*(-1 - v). Let x(w) = 18*w + 2. Let n be x(2). Calculate the greatest common factor of i and n.
19
Suppose -3*g - 8472 = -5*k + g, -g - 3 = 0. Let u be (-1)/2 + k/24. What is the highest common factor of 10 and u?
10
Let p be 1/((5/(-7))/(-5)). Let r = -3 - -8. Suppose -41 = -q + 2*s, r*q - q - 128 = -4*s. Calculate the highest common factor of q and p.
7
Let r be (-6 + 3)*4/(-6). Suppose 2*c + r*c = 0. Suppose b - 10 + 5 = c. Calculate the highest common divisor of 35 and b.
5
Let w be 12/8*(-8)/3. Let u be ((-15)/(-12))/(w/(-16)). Let l be (1/(-3))/((-2)/270). Calculate the highest common factor of l and u.
5
Suppose 0 = -4*i + 3*r + 127, 48 - 163 = -5*i - 5*r. Calculate the greatest common divisor of 476 and i.
28
Suppose 3*k + 0*k + 4*m - 150 = 0, -98 = -2*k - 2*m. Let u = 54 - k. What is the greatest common factor of 28 and u?
4
Let a be 14/6*2*36. Let x = -118 - -176. Suppose 2*o - 5*l - x = 0, 3*l - 50 = -3*o + 16. Calculate the highest common factor of a and o.
24
Let x(n) = 6*n**2 - n. Let z be x(1). Suppose -2*s + 5*u + 114 = s, -z*s + 190 = -4*u. Calculate the greatest common factor of 76 and s.
38
Let d(u) = -5*u**2 - 4. Let b be d(-3). Let s be (-1)/(14/b)*(1 - -1). What is the highest common factor of 21 and s?
7
Let r = -138 - -274. Calculate the highest common factor of 17 and r.
17
Let t(j) = -j**3 + 10*j**2 + 3*j - 17. Suppose -15 = -5*l + 35. Let w be t(l). Calculate the highest common divisor of 65 and w.
13
Suppose 0 = 7*w - 10*w + 144. Calculate the highest common factor of 114 and w.
6
Suppose 0 = 3*k + r - 650, 2*k + k = r + 646. Calculate the greatest common divisor of 54 and k.
54
Let x = -5 + 35. Suppose 0 = -0*u - u + 10. What is the greatest common divisor of u and x?
10
Let a = -55 + 53. Let p be (42/(-30) + -1)/(a/5). Let o = 13 + -7. Calculate the highest common factor of p and o.
6
Let o be -4*(-11 + 0)*16/32. What is the greatest common factor of 55 and o?
11
Let v(z) = 5*z. Let o be v(2). Let p be (-2)/10 - (-10117)/335. Calculate the highest common divisor of p and o.
10
Let z(j) = j**3 + 16*j**2 + 2*j + 26. Let k be z(-16). L